{"id":283,"date":"2025-05-13T15:51:35","date_gmt":"2025-05-13T18:51:35","guid":{"rendered":"http:\/\/167.172.252.128\/?page_id=283"},"modified":"2025-06-13T20:38:38","modified_gmt":"2025-06-13T23:38:38","slug":"cine-concerto","status":"publish","type":"page","link":"https:\/\/cineop.com.br\/2025\/arte\/cine-concerto\/","title":{"rendered":"Cine-concerto"},"content":{"rendered":"\n<p>Prepare-se para uma experi\u00eancia cinematogr\u00e1fica \u00fanica! A CineOP apresenta o cine-concerto <em>O Garoto<\/em>, cl\u00e1ssico de Charles Chaplin, em uma vers\u00e3o especial com trilha sonora executada ao vivo pelas musicistas Nat\u00e1lia Barros, Isabela Alencastro e Jennifer Cunha. No filme, Chaplin eterniza a figura do vagabundo que enfrenta a dureza da vida com afeto e humor, formando uma comovente parceria com um menino \u00f3rf\u00e3o. Nesta exibi\u00e7\u00e3o, a po\u00e9tica trilha original \u2013 composta pelo pr\u00f3prio Chaplin \u2013 ganha novos contornos com a incorpora\u00e7\u00e3o de brasilidades, em especial o choro, g\u00eanero musical reconhecido como Patrim\u00f4nio Cultural do Brasil. O resultado \u00e9 um encontro emocionante entre o cinema mudo e a riqueza sonora brasileira, que j\u00e1 encantou o p\u00fablico em sua estreia no Cine Theatro Brasil. Uma homenagem sens\u00edvel e criativa ao cinema e \u00e0 m\u00fasica, que convida o p\u00fablico a redescobrir um cl\u00e1ssico sob uma nova luz.<\/p>\n\n\n\n<div style=\"height:57px\" aria-hidden=\"true\" class=\"wp-block-spacer\"><\/div>\n\n\n\n    <div id=\"movie-block_684cb375f4d80\" class=\"movie-block\">\n                  <div data-slides-per-view=\"4\" id=\"block_684cb375f4d80\" class=\"movie expanded movie-block movie-list\">\n            <div class=\"container container-1216 flex-col\">\n        <div class=\"\">\n                    <div class=\" movie-items\">\n            <div class=\"movie-items-wrapper\">\n                  <div class=\"movie-item  \">\n      <a href=\"https:\/\/cineop.com.br\/2025\/filme\/o-garoto\/\">\n        <img loading=\"lazy\" decoding=\"async\" width=\"280\" height=\"432\" src=\"https:\/\/universoproducao.nyc3.digitaloceanspaces.com\/cineop2025\/2025\/05\/o-garoto-poste-280x432.jpg\" class=\"movie-img\" alt=\"\" \/>\n                <span class=\"movie-content\">\n          <span class=\"title\">O Garoto<\/span>\n                      <span class=\"direction on-hover\">Dire\u00e7\u00e3o: Charles Chaplin<\/span>\n                                          <span class=\"country on-hover\">EUA<\/span>\n                                <span class=\"read-more btn-link on-hover uppercase\">\n              Saiba mais <i class=\"icon-arrow-right\"><\/i><\/span>\n                  <\/span>\n      <\/a>\n    <\/div>\n                <\/div>\n          <\/div>\n                  <\/div>\n      <\/div>\n    <\/div>\n              <\/div>\n    \n\n\n<div style=\"height:100px\" aria-hidden=\"true\" class=\"wp-block-spacer\"><\/div>\n\n\n\n<h2 class=\"wp-block-heading\">Musicistas<\/h2>\n\n\n\n<p><strong>ISABELA ALENCASTRO<\/strong><br><em>Violinista, estudante do curso de Bacharelado em M\u00fasica na Universidade do Estado de Minas Gerais (Uemg), n\u00facleo erudito. Atualmente, trabalha com eventos e atua como instrumentista da Orquestra Sinf\u00f4nica da Uemg.<\/em><\/p>\n\n\n\n<p><strong>JENNIFER CUNHA<\/strong><br><em>Violoncelista, estudante do curso de Bacharelado em M\u00fasica na Universidade do Estado de Minas Gerais (Uemg), n\u00facleo erudito. A musicista j\u00e1 atuou como violoncelista na Jovem Orquestra de Ouro Branco. Atualmente, trabalha tocando em eventos diversos.<\/em><\/p>\n\n\n\n<p><strong>NAT\u00c1LIA BARROS<\/strong><br><em>Flautista, arquiteta e cen\u00f3grafa. Graduada e mestre pela Escola de Arquitetura UFMG, atualmente cursando o Bacharelado em M\u00fasica na Universidade do Estado de Minas Gerais (Uemg), n\u00facleo popular. Trabalha de modo aut\u00f4nomo com a m\u00fasica em eventos diversos, al\u00e9m de integrar grupos como a Flutuar Orquestra de Flautas, da Funda\u00e7\u00e3o de Educa\u00e7\u00e3o Art\u00edstica (FEA), o Grupo de Choro da Uemg e o Ebaru\u00eara, seu grupo de choro e samba.<\/em><\/p>\n","protected":false},"excerpt":{"rendered":"<p>Prepare-se para uma experi\u00eancia cinematogr\u00e1fica \u00fanica! A CineOP apresenta o cine-concerto O Garoto, cl\u00e1ssico de Charles Chaplin, em uma vers\u00e3o especial com trilha sonora executada ao vivo pelas musicistas Nat\u00e1lia [&hellip;]<\/p>\n","protected":false},"author":1,"featured_media":0,"parent":265,"menu_order":0,"comment_status":"closed","ping_status":"closed","template":"","meta":{"footnotes":""},"class_list":["post-283","page","type-page","status-publish","hentry"],"acf":[],"_links":{"self":[{"href":"https:\/\/cineop.com.br\/2025\/wp-json\/wp\/v2\/pages\/283","targetHints":{"allow":["GET"]}}],"collection":[{"href":"https:\/\/cineop.com.br\/2025\/wp-json\/wp\/v2\/pages"}],"about":[{"href":"https:\/\/cineop.com.br\/2025\/wp-json\/wp\/v2\/types\/page"}],"author":[{"embeddable":true,"href":"https:\/\/cineop.com.br\/2025\/wp-json\/wp\/v2\/users\/1"}],"replies":[{"embeddable":true,"href":"https:\/\/cineop.com.br\/2025\/wp-json\/wp\/v2\/comments?post=283"}],"version-history":[{"count":6,"href":"https:\/\/cineop.com.br\/2025\/wp-json\/wp\/v2\/pages\/283\/revisions"}],"predecessor-version":[{"id":2042,"href":"https:\/\/cineop.com.br\/2025\/wp-json\/wp\/v2\/pages\/283\/revisions\/2042"}],"up":[{"embeddable":true,"href":"https:\/\/cineop.com.br\/2025\/wp-json\/wp\/v2\/pages\/265"}],"wp:attachment":[{"href":"https:\/\/cineop.com.br\/2025\/wp-json\/wp\/v2\/media?parent=283"}],"curies":[{"name":"wp","href":"https:\/\/api.w.org\/{rel}","templated":true}]}}