{"id":285,"date":"2025-05-13T15:53:47","date_gmt":"2025-05-13T18:53:47","guid":{"rendered":"http:\/\/167.172.252.128\/?page_id=285"},"modified":"2025-06-23T13:13:50","modified_gmt":"2025-06-23T16:13:50","slug":"festa-junina-da-cineop","status":"publish","type":"page","link":"https:\/\/cineop.com.br\/2025\/arte\/festa-junina-da-cineop\/","title":{"rendered":"Festa Junina da CineOP"},"content":{"rendered":"\n<h2 class=\"wp-block-heading\">29 de junho | domingo | Sesc Cine Lounge Show | a partir das 18h<\/h2>\n\n\n\n<p>A Festa Junina da CineOP integra a programa\u00e7\u00e3o da Mostra Valores e, em sua 4a edi\u00e7\u00e3o, refor\u00e7a o compromisso da Mostra com a valoriza\u00e7\u00e3o das tradi\u00e7\u00f5es locais e o fortalecimento das a\u00e7\u00f5es sociais em Ouro Preto. \u00c9 um momento de encontro entre a comunidade, os visitantes e o p\u00fablico, em um ambiente festivo, acolhedor e solid\u00e1rio.<\/p>\n\n\n\n<p>A programa\u00e7\u00e3o inclui apresenta\u00e7\u00f5es de quadrilhas e show com banda de forr\u00f3, reunindo m\u00fasica, dan\u00e7a e a alegria t\u00edpica dessa celebra- \u00e7\u00e3o popular. As barracas de comidas e bebidas s\u00e3o coordenadas por institui\u00e7\u00f5es sociais da cidade, e toda a renda arrecadada \u00e9 revertida para projetos comunit\u00e1rios, ampliando o impacto social da CineOP para al\u00e9m das salas de cinema.<\/p>\n\n\n\n<p>Mais que um arraial, a Festa Junina da CineOP \u00e9 uma a\u00e7\u00e3o de impacto social e cultural que conecta a Mostra \u00e0 cidade e amplia o sentido de pertencimento e participa\u00e7\u00e3o da comunidade na programa\u00e7\u00e3o.<br><\/p>\n\n\n\n<p><strong>ARRAI\u00c1 DA RUA GRANDE<br><\/strong>O Arrai\u00e1 da Rua Grande \u00e9 um grupo de adultos e adolescentes do distrito de Ant\u00f4nio Pereira que se juntaram para continuar a tradi\u00e7\u00e3o da dan\u00e7a que, desde 2018, dan\u00e7am nas festas juninas e julinas do distrito. S\u00e3o cerca de 20 pares que buscam, por meio dos passos, reinventar a maneira de dan\u00e7ar quadrilha, mas sem deixar as tradi\u00e7\u00f5es de lado. A inten\u00e7\u00e3o \u00e9 fortalecer a cultura local e trazer outras culturas para jovens e adultos.<\/p>\n\n\n\n<p><strong>QUADRILHA P\u00c9 DE MOLEQUE<br><\/strong>Foi fundada em 2005, no bairro Santa Cruz, em Ouro Preto, por Ant\u00f4nio dos Reis Pereira, mais conhecido como Ant\u00f4nio Batata, que logo depois passou a responsabilidade para sua filha, Marc\u00edlia da Silva Pereira Mendes, sendo a coordenadora e respons\u00e1vel pela quadrilha.<\/p>\n\n\n\n<p>O nome da quadrilha foi criado pelo fato de as ruas do bairro serem feitas de pedra na \u00e9poca, e os meninos gostavam de ensaiar descal\u00e7os, sendo assim foi dado o nome de P\u00e9 de Moleque. Atualmente o grupo cont\u00e9m 11 pares e j\u00e1 participou de competi\u00e7\u00f5es no Arraial de Bel\u00f4 (Belo Horizonte) e em diversos lugares de Ouro Preto e distritos. A P\u00e9 de Moleque \u00e9 uma quadrilha t\u00edpica, tradicional e coreografada. Ao comando, a marcadora Marc\u00edlia e seus componentes levam aos espectadores alegria e anima\u00e7\u00e3o a cada apresenta\u00e7\u00e3o.<\/p>\n\n\n\n<p><strong>SHOW FORR\u00d3 DA LU<br><\/strong>O Forr\u00f3 da Lu \u00e9 o projeto musical da cantora e compositora Lu\u00edza Dutra, fruto de sua pesquisa sobre os diversos ritmos que comp\u00f5em o forr\u00f3. Com forma\u00e7\u00e3o tradicional de trio \u2014 zabumba, sanfona, tri\u00e2ngulo e voz \u2014, o grupo \u00e9 refer\u00eancia em Ouro Preto, animando sa- l\u00f5es e pra\u00e7as com repert\u00f3rio dan\u00e7ante e autoral. O Forr\u00f3 da Lu tem apresenta\u00e7\u00f5es fixas em casas como o Bar da Nida e o Bar Cultural Assufop, al\u00e9m de integrar festejos tradicionais da cidade e distritos. No palco, Lu\u00edza Dutra (voz e tri\u00e2ngulo), Geg\u00ea Mendes (zabumba e voz) e \u00cdcaro Laguardia (sanfona e voz) celebram a for\u00e7a e a alegria dessa express\u00e3o musical t\u00e3o brasileira.<\/p>\n\n\n\n<p><\/p>\n\n\n\n<p><\/p>\n","protected":false},"excerpt":{"rendered":"<p>29 de junho | domingo | Sesc Cine Lounge Show | a partir das 18h A Festa Junina da CineOP integra a programa\u00e7\u00e3o da Mostra Valores e, em sua 4a [&hellip;]<\/p>\n","protected":false},"author":1,"featured_media":0,"parent":265,"menu_order":0,"comment_status":"closed","ping_status":"closed","template":"","meta":{"footnotes":""},"class_list":["post-285","page","type-page","status-publish","hentry"],"acf":[],"_links":{"self":[{"href":"https:\/\/cineop.com.br\/2025\/wp-json\/wp\/v2\/pages\/285","targetHints":{"allow":["GET"]}}],"collection":[{"href":"https:\/\/cineop.com.br\/2025\/wp-json\/wp\/v2\/pages"}],"about":[{"href":"https:\/\/cineop.com.br\/2025\/wp-json\/wp\/v2\/types\/page"}],"author":[{"embeddable":true,"href":"https:\/\/cineop.com.br\/2025\/wp-json\/wp\/v2\/users\/1"}],"replies":[{"embeddable":true,"href":"https:\/\/cineop.com.br\/2025\/wp-json\/wp\/v2\/comments?post=285"}],"version-history":[{"count":8,"href":"https:\/\/cineop.com.br\/2025\/wp-json\/wp\/v2\/pages\/285\/revisions"}],"predecessor-version":[{"id":2370,"href":"https:\/\/cineop.com.br\/2025\/wp-json\/wp\/v2\/pages\/285\/revisions\/2370"}],"up":[{"embeddable":true,"href":"https:\/\/cineop.com.br\/2025\/wp-json\/wp\/v2\/pages\/265"}],"wp:attachment":[{"href":"https:\/\/cineop.com.br\/2025\/wp-json\/wp\/v2\/media?parent=285"}],"curies":[{"name":"wp","href":"https:\/\/api.w.org\/{rel}","templated":true}]}}