{"id":305,"date":"2025-05-13T16:13:55","date_gmt":"2025-05-13T19:13:55","guid":{"rendered":"http:\/\/167.172.252.128\/?page_id=305"},"modified":"2025-06-02T18:20:12","modified_gmt":"2025-06-02T21:20:12","slug":"cine-escola","status":"publish","type":"page","link":"https:\/\/cineop.com.br\/2025\/filmes\/cine-escola\/","title":{"rendered":"Cine-Express\u00e3o &#8211; A Escola Vai ao Cinema"},"content":{"rendered":"\n<div class=\"wp-block-buttons is-layout-flex wp-block-buttons-is-layout-flex\">\n<div class=\"wp-block-button has-custom-width wp-block-button__width-100\"><a class=\"wp-block-button__link wp-element-button\" href=\"https:\/\/universoproducao.com.br\/inscricoes\">INSCRI\u00c7\u00d5ES ESGOTADAS<\/a><\/div>\n<\/div>\n\n\n\n<p><\/p>\n\n\n\n<h2 class=\"wp-block-heading\"><strong>A CULTURA DE INTERESSADOS E O MOVIMENTO DE FORMA\u00c7\u00c3O DE PLATEIA<\/strong><\/h2>\n\n\n\n<p>Selecionar filmes para crian\u00e7as e jovens tem sido uma tarefa desafiadora e provocativa. N\u00e3o pelo p\u00fablico em si, muito menos por qualquer dificuldade de me conectar com ele, mas pela fragilidade de sua forma\u00e7\u00e3o cultural e art\u00edstica. Com aten\u00e7\u00e3o cada vez mais fragmentada e os interesses voltados para um mundo de est\u00edmulos ef\u00eameros e superficiais, prezo por uma sele\u00e7\u00e3o de filmes que transcenda o entretenimento e que possa despertar desejos e interesses por esse tipo de programa\u00e7\u00e3o. Aqui, estou pensando numa vis\u00e3o cr\u00edtica e profunda de mundo, a partir de uma percep\u00e7\u00e3o ampla e profunda de si mesmos.<\/p>\n\n\n\n<p>O cine-express\u00e3o tem como identidade a forma\u00e7\u00e3o de plateia pelo desenvolvimento de uma cultura de interessados, atrav\u00e9s da sensa\u00e7\u00e3o de pertencimento, reconhecimento e import\u00e2ncia da pr\u00f3pria vida, em cada ser presente nas sess\u00f5es.<\/p>\n\n\n\n<p>O programa acontece em tr\u00eas etapas, sendo elas: as <strong>sess\u00f5es<\/strong> de cinema, o <strong>debate<\/strong> p\u00f3s sess\u00e3o e o <strong>Material de Conex\u00f5es e Saberes<\/strong> que \u00e9 entregue para as escolas participantes com atividades a serem realizadas com os alunos na sala de aula.<\/p>\n\n\n\n<p class=\"has-text-align-right\"><\/p>\n\n\n\n<h2 class=\"wp-block-heading\"><strong>As sess\u00f5es de cinema<\/strong><\/h2>\n\n\n\n<p>Neste ano, a programa\u00e7\u00e3o est\u00e1 composta por uma sele\u00e7\u00e3o de 15 curtas-metragens, distribu\u00eddos em quatro sess\u00f5es que s\u00e3o configuradas de acordo com a faixa et\u00e1ria do p\u00fablico, a partir de crit\u00e9rios que incluem: tem\u00e1tica, conte\u00fado visual, tipos de linguagem e di\u00e1logos, bem como a complexidade da narrativa.<\/p>\n\n\n\n<div style=\"height:52px\" aria-hidden=\"true\" class=\"wp-block-spacer\"><\/div>\n\n\n\n<h4 class=\"wp-block-heading\">Faixa-et\u00e1ria: 5 a 7 anos&nbsp;<br><strong>25 e 30\/06 \u2022 quarta e segunda \u2022 14h&nbsp;\u2022&nbsp;Cine-Teatro<\/strong><\/h4>\n\n\n\n<p>Quatro anima\u00e7\u00f5es transitam por diferentes aspectos da inf\u00e2ncia, revelando uma vis\u00e3o multifacetada da experi\u00eancia infantil. Embora cada obra apresente uma perspectiva \u00fanica, todas convergem em torno de temas fundamentais, como a criatividade expressiva, o brincar, a imagina\u00e7\u00e3o e a descoberta de novas experi\u00eancias. Atrav\u00e9s dessas narrativas, os filmes celebram a riqueza e a diversidade da inf\u00e2ncia, impactando o p\u00fablico em possibilidade de reconhecimento e do despertar de desejos de experimentar.&nbsp;<\/p>\n\n\n\n<div style=\"height:52px\" aria-hidden=\"true\" class=\"wp-block-spacer\"><\/div>\n\n\n\n    <div id=\"movie-block_665e20d016967\" class=\"movie-block\">\n                  <div data-slides-per-view=\"4\" id=\"block_665e20d016967\" class=\"movie expanded movie-block movie-list\">\n            <div class=\"container container-1216 flex-col\">\n        <div class=\"\">\n                    <div class=\" movie-items\">\n            <div class=\"movie-items-wrapper\">\n                  <div class=\"movie-item  \">\n      <a href=\"https:\/\/cineop.com.br\/2025\/filme\/menino-gepeto\/\">\n        <img loading=\"lazy\" decoding=\"async\" width=\"280\" height=\"432\" src=\"https:\/\/universoproducao.nyc3.digitaloceanspaces.com\/cineop2025\/2025\/05\/cartaz-cinema-CINEOP-Rafael-Guimaraes-280x432.jpg\" class=\"movie-img\" alt=\"\" \/>\n                <span class=\"movie-content\">\n          <span class=\"title\">Menino Gepeto<\/span>\n                      <span class=\"direction on-hover\">Dire\u00e7\u00e3o: CL\u00c1UDIO CONSTANTINO, RAFAEL GUIMAR\u00c3ES<\/span>\n                                          <span class=\"country on-hover\">MG<\/span>\n                                <span class=\"read-more btn-link on-hover uppercase\">\n              Saiba mais <i class=\"icon-arrow-right\"><\/i><\/span>\n                  <\/span>\n      <\/a>\n    <\/div>\n        <div class=\"movie-item  \">\n      <a href=\"https:\/\/cineop.com.br\/2025\/filme\/o-chapeu-do-zezeu\/\">\n        <img loading=\"lazy\" decoding=\"async\" width=\"280\" height=\"432\" src=\"https:\/\/universoproducao.nyc3.digitaloceanspaces.com\/cineop2025\/2025\/05\/zezeu-Instituto-Marlin-Azul-280x432.jpg\" class=\"movie-img\" alt=\"\" \/>\n                <span class=\"movie-content\">\n          <span class=\"title\">O Chap\u00e9u do Zez\u00e9u<\/span>\n                      <span class=\"direction on-hover\">Dire\u00e7\u00e3o: Alunos do Projeto Anima\u00e7\u00e3o &#8211; Instituto Marlin Azul\/Escola Municipal Monsenhor Walfredo Gurgel <\/span>\n                                          <span class=\"country on-hover\">RN\/ES<\/span>\n                                <span class=\"read-more btn-link on-hover uppercase\">\n              Saiba mais <i class=\"icon-arrow-right\"><\/i><\/span>\n                  <\/span>\n      <\/a>\n    <\/div>\n        <div class=\"movie-item  \">\n      <a href=\"https:\/\/cineop.com.br\/2025\/filme\/quinn\/\">\n        <img loading=\"lazy\" decoding=\"async\" width=\"280\" height=\"432\" src=\"https:\/\/universoproducao.nyc3.digitaloceanspaces.com\/cineop2025\/2025\/05\/Poster_QUINN_01-2-Arthur-Felipe-de-Oliveira-Fiel-280x432.jpg\" class=\"movie-img\" alt=\"\" \/>\n                <span class=\"movie-content\">\n          <span class=\"title\">QUINN<\/span>\n                      <span class=\"direction on-hover\">Dire\u00e7\u00e3o: Arthur Felipe Fiel<\/span>\n                                          <span class=\"country on-hover\">ES<\/span>\n                                <span class=\"read-more btn-link on-hover uppercase\">\n              Saiba mais <i class=\"icon-arrow-right\"><\/i><\/span>\n                  <\/span>\n      <\/a>\n    <\/div>\n        <div class=\"movie-item  \">\n      <a href=\"https:\/\/cineop.com.br\/2025\/filme\/relogio-com-defeito\/\">\n        <img loading=\"lazy\" decoding=\"async\" width=\"280\" height=\"432\" src=\"https:\/\/universoproducao.nyc3.digitaloceanspaces.com\/cineop2025\/2025\/05\/EP3_CARTAZ-Jardim-de-palavras-280x432.jpg\" class=\"movie-img\" alt=\"\" \/>\n                <span class=\"movie-content\">\n          <span class=\"title\">Rel\u00f3gio com defeito<\/span>\n                      <span class=\"direction on-hover\">Dire\u00e7\u00e3o: Rodrigo Vulcano e Lucas Lima<\/span>\n                                          <span class=\"country on-hover\">SP<\/span>\n                                <span class=\"read-more btn-link on-hover uppercase\">\n              Saiba mais <i class=\"icon-arrow-right\"><\/i><\/span>\n                  <\/span>\n      <\/a>\n    <\/div>\n                <\/div>\n          <\/div>\n                  <\/div>\n      <\/div>\n    <\/div>\n              <\/div>\n    \n\n\n<div style=\"height:100px\" aria-hidden=\"true\" class=\"wp-block-spacer\"><\/div>\n\n\n\n<h4 class=\"wp-block-heading\">Faixa-et\u00e1ria: 8 a 10 anos&nbsp;<br><strong>26\/06 \u2022 quinta \u2022 8h30 e 14h&nbsp;\u2022&nbsp;Cine-Teatro<\/strong><\/h4>\n\n\n\n<p>Esta sess\u00e3o \u00e9 composta por duas anima\u00e7\u00f5es e duas fic\u00e7\u00f5es que exploram uma ampla gama de emo\u00e7\u00f5es e experi\u00eancias. A programa\u00e7\u00e3o \u00e9 cuidadosamente estruturada para criar um fluxo narrativo que come\u00e7a com uma abordagem sutil e l\u00fadica, evoluindo para uma experi\u00eancia mais intensa e profunda, antes de culminar em uma explos\u00e3o de aspectos que desafiam os limites da imagina\u00e7\u00e3o convencional. Os filmes se articulam para criar uma jornada emocional que envolve e inspira o p\u00fablico.<\/p>\n\n\n\n<div style=\"height:52px\" aria-hidden=\"true\" class=\"wp-block-spacer\"><\/div>\n\n\n\n    <div id=\"movie-block_665e20e916968\" class=\"movie-block\">\n                  <div data-slides-per-view=\"4\" id=\"block_665e20e916968\" class=\"movie expanded movie-block movie-list\">\n            <div class=\"container container-1216 flex-col\">\n        <div class=\"\">\n                    <div class=\" movie-items\">\n            <div class=\"movie-items-wrapper\">\n                  <div class=\"movie-item  \">\n      <a href=\"https:\/\/cineop.com.br\/2025\/filme\/aria\/\">\n        <img loading=\"lazy\" decoding=\"async\" width=\"280\" height=\"432\" src=\"https:\/\/universoproducao.nyc3.digitaloceanspaces.com\/cineop2025\/2025\/05\/Aria_Poster_louros_alta-Bruno-de-Oliveira-Nogueira-280x432.jpg\" class=\"movie-img\" alt=\"\" \/>\n                <span class=\"movie-content\">\n          <span class=\"title\">\u00c1ria<\/span>\n                      <span class=\"direction on-hover\">Dire\u00e7\u00e3o: Arthur P. Motta<\/span>\n                                          <span class=\"country on-hover\">ES<\/span>\n                                <span class=\"read-more btn-link on-hover uppercase\">\n              Saiba mais <i class=\"icon-arrow-right\"><\/i><\/span>\n                  <\/span>\n      <\/a>\n    <\/div>\n        <div class=\"movie-item  \">\n      <a href=\"https:\/\/cineop.com.br\/2025\/filme\/cine-quarto\/\">\n        <img loading=\"lazy\" decoding=\"async\" width=\"280\" height=\"432\" src=\"https:\/\/universoproducao.nyc3.digitaloceanspaces.com\/cineop2025\/2025\/05\/poster-cine-quarto-cineop-Leonardo-Marcondes-braga-280x432.jpg\" class=\"movie-img\" alt=\"\" \/>\n                <span class=\"movie-content\">\n          <span class=\"title\">Cine quarto<\/span>\n                      <span class=\"direction on-hover\">Dire\u00e7\u00e3o: Leonardo Braga<\/span>\n                                          <span class=\"country on-hover\">MG<\/span>\n                                <span class=\"read-more btn-link on-hover uppercase\">\n              Saiba mais <i class=\"icon-arrow-right\"><\/i><\/span>\n                  <\/span>\n      <\/a>\n    <\/div>\n        <div class=\"movie-item  \">\n      <a href=\"https:\/\/cineop.com.br\/2025\/filme\/menino-monstro\/\">\n        <img loading=\"lazy\" decoding=\"async\" width=\"280\" height=\"432\" src=\"https:\/\/universoproducao.nyc3.digitaloceanspaces.com\/cineop2025\/2025\/05\/menino_monstro_poster_A4-Renata-Martins-280x432.jpg\" class=\"movie-img\" alt=\"\" \/>\n                <span class=\"movie-content\">\n          <span class=\"title\">Menino Monstro<\/span>\n                      <span class=\"direction on-hover\">Dire\u00e7\u00e3o: Guilherme Alvernaz<\/span>\n                                          <span class=\"country on-hover\">SP<\/span>\n                                <span class=\"read-more btn-link on-hover uppercase\">\n              Saiba mais <i class=\"icon-arrow-right\"><\/i><\/span>\n                  <\/span>\n      <\/a>\n    <\/div>\n        <div class=\"movie-item  \">\n      <a href=\"https:\/\/cineop.com.br\/2025\/filme\/sacis\/\">\n        <img loading=\"lazy\" decoding=\"async\" width=\"280\" height=\"432\" src=\"https:\/\/universoproducao.nyc3.digitaloceanspaces.com\/cineop2025\/2025\/05\/Cartaz_Sacis_A2_out23_page-0001-280x432.jpg\" class=\"movie-img\" alt=\"\" \/>\n                <span class=\"movie-content\">\n          <span class=\"title\">SACIS<\/span>\n                      <span class=\"direction on-hover\">Dire\u00e7\u00e3o: Bruno Bennec<\/span>\n                                          <span class=\"country on-hover\">MG<\/span>\n                                <span class=\"read-more btn-link on-hover uppercase\">\n              Saiba mais <i class=\"icon-arrow-right\"><\/i><\/span>\n                  <\/span>\n      <\/a>\n    <\/div>\n                <\/div>\n          <\/div>\n                  <\/div>\n      <\/div>\n    <\/div>\n              <\/div>\n    \n\n\n<div style=\"height:43px\" aria-hidden=\"true\" class=\"wp-block-spacer\"><\/div>\n\n\n\n<div style=\"height:100px\" aria-hidden=\"true\" class=\"wp-block-spacer\"><\/div>\n\n\n\n<h4 class=\"wp-block-heading\">Faixa-et\u00e1ria: 11 a 13 anos&nbsp;<br><strong>27\/06 \u2022 sexta \u2022 8h30 e 14h&nbsp;\u2022&nbsp;Cine-Teatro<\/strong><\/h4>\n\n\n\n<p>Esta sess\u00e3o \u00e9 uma experi\u00eancia sensorial profunda e cuidadosamente curada para ressoar com as sensibilidades dos jovens. Os tr\u00eas primeiros filmes exigem uma aten\u00e7\u00e3o cuidadosa, pois cada um, \u00e0 sua maneira, provoca um sil\u00eancio reflexivo, criando um espa\u00e7o para a introspec\u00e7\u00e3o e a contempla\u00e7\u00e3o. \u00c0 medida que a sess\u00e3o avan\u00e7a, um novo movimento emerge, convidando os jovens a se identificarem tanto com a narrativa, quanto com personagens.<\/p>\n\n\n\n<p>As quatro fic\u00e7\u00f5es que comp\u00f5em a sele\u00e7\u00e3o oferecem um leque de possibilidades pela pot\u00eancia das tem\u00e1ticas. H\u00e1 intens\u00e3o de transcendermos o \u00f3bvio e adentrarmos terrenos que existem al\u00e9m do que nos \u00e9 explicitamente oferecido.<\/p>\n\n\n\n<p>A sess\u00e3o culmina com uma obra divertida que certamente contagiar\u00e1 os jovens com sorrisos irresist\u00edveis.<\/p>\n\n\n\n<div style=\"height:52px\" aria-hidden=\"true\" class=\"wp-block-spacer\"><\/div>\n\n\n\n    <div id=\"movie-block_665e212216969\" class=\"movie-block\">\n                  <div data-slides-per-view=\"4\" id=\"block_665e212216969\" class=\"movie expanded movie-block movie-list\">\n            <div class=\"container container-1216 flex-col\">\n        <div class=\"\">\n                    <div class=\" movie-items\">\n            <div class=\"movie-items-wrapper\">\n                  <div class=\"movie-item  \">\n      <a href=\"https:\/\/cineop.com.br\/2025\/filme\/a-menina-e-o-flautista\/\">\n        <img loading=\"lazy\" decoding=\"async\" width=\"280\" height=\"432\" src=\"https:\/\/universoproducao.nyc3.digitaloceanspaces.com\/cineop2025\/2025\/05\/foto-02-Lara-Dezan-280x432.jpg\" class=\"movie-img\" alt=\"\" \/>\n                <span class=\"movie-content\">\n          <span class=\"title\">A Menina e o Flautista<\/span>\n                      <span class=\"direction on-hover\">Dire\u00e7\u00e3o: Lara Dezan<\/span>\n                                          <span class=\"country on-hover\">SP<\/span>\n                                <span class=\"read-more btn-link on-hover uppercase\">\n              Saiba mais <i class=\"icon-arrow-right\"><\/i><\/span>\n                  <\/span>\n      <\/a>\n    <\/div>\n        <div class=\"movie-item  \">\n      <a href=\"https:\/\/cineop.com.br\/2025\/filme\/glorinha\/\">\n        <img loading=\"lazy\" decoding=\"async\" width=\"280\" height=\"432\" src=\"https:\/\/universoproducao.nyc3.digitaloceanspaces.com\/cineop2025\/2025\/05\/CINEOP-Stella-Ribeiro-280x432.jpg\" class=\"movie-img\" alt=\"\" \/>\n                <span class=\"movie-content\">\n          <span class=\"title\">Glorinha<\/span>\n                      <span class=\"direction on-hover\">Dire\u00e7\u00e3o: Stella Ribeiro<\/span>\n                                          <span class=\"country on-hover\">RJ<\/span>\n                                <span class=\"read-more btn-link on-hover uppercase\">\n              Saiba mais <i class=\"icon-arrow-right\"><\/i><\/span>\n                  <\/span>\n      <\/a>\n    <\/div>\n        <div class=\"movie-item  \">\n      <a href=\"https:\/\/cineop.com.br\/2025\/filme\/passa-a-bola\/\">\n        <img loading=\"lazy\" decoding=\"async\" width=\"280\" height=\"432\" src=\"https:\/\/universoproducao.nyc3.digitaloceanspaces.com\/cineop2025\/2025\/05\/Poster-Passa-a-Bola-Guilherme-Herrera-Falchi-280x432.jpg\" class=\"movie-img\" alt=\"\" \/>\n                <span class=\"movie-content\">\n          <span class=\"title\">Passa a Bola<\/span>\n                      <span class=\"direction on-hover\">Dire\u00e7\u00e3o: Guilherme Herrera Falchi<\/span>\n                                          <span class=\"country on-hover\">SP<\/span>\n                                <span class=\"read-more btn-link on-hover uppercase\">\n              Saiba mais <i class=\"icon-arrow-right\"><\/i><\/span>\n                  <\/span>\n      <\/a>\n    <\/div>\n        <div class=\"movie-item  \">\n      <a href=\"https:\/\/cineop.com.br\/2025\/filme\/porque-sou-diferente\/\">\n        <img loading=\"lazy\" decoding=\"async\" width=\"280\" height=\"432\" src=\"https:\/\/universoproducao.nyc3.digitaloceanspaces.com\/cineop2025\/2025\/05\/PORQUESOUDIFERENTE-Sonhador-Filmes-280x432.jpg\" class=\"movie-img\" alt=\"\" \/>\n                <span class=\"movie-content\">\n          <span class=\"title\">Porque sou diferente<\/span>\n                      <span class=\"direction on-hover\">Dire\u00e7\u00e3o: Lu\u00eds Navarro<\/span>\n                                          <span class=\"country on-hover\">SP<\/span>\n                                <span class=\"read-more btn-link on-hover uppercase\">\n              Saiba mais <i class=\"icon-arrow-right\"><\/i><\/span>\n                  <\/span>\n      <\/a>\n    <\/div>\n                <\/div>\n          <\/div>\n                  <\/div>\n      <\/div>\n    <\/div>\n              <\/div>\n    \n\n\n<div style=\"height:100px\" aria-hidden=\"true\" class=\"wp-block-spacer\"><\/div>\n\n\n\n<h4 class=\"wp-block-heading\">Faixa-et\u00e1ria: a partir de 14 anos<br><strong>30\/06 \u2022 segunda \u2022 8h30&nbsp;\u2022&nbsp;Cine-Teatro<\/strong><\/h4>\n\n\n\n<p>Essa sess\u00e3o apresenta tr\u00eas curtas paradigm\u00e1ticos que exploram a complexidade do amor como tema subjacente. Atrav\u00e9s de narrativas distintas, esses filmes nos convidam a conectar as tem\u00e1ticas, promovendo uma percep\u00e7\u00e3o aprofundada sobre as din\u00e2micas humanas e as formas como temos nos relacionado. Com uma abordagem potente e instigante, essa sess\u00e3o se destaca como uma experi\u00eancia impactante e profunda, capaz de provocar uma reflex\u00e3o importante sobre a condi\u00e7\u00e3o humana.<\/p>\n\n\n\n<div style=\"height:52px\" aria-hidden=\"true\" class=\"wp-block-spacer\"><\/div>\n\n\n\n    <div id=\"movie-block_665e21391696a\" class=\"movie-block\">\n                  <div data-slides-per-view=\"4\" id=\"block_665e21391696a\" class=\"movie expanded movie-block movie-list\">\n            <div class=\"container container-1216 flex-col\">\n        <div class=\"\">\n                    <div class=\" movie-items\">\n            <div class=\"movie-items-wrapper\">\n                  <div class=\"movie-item  \">\n      <a href=\"https:\/\/cineop.com.br\/2025\/filme\/ia-inteligencia-afetiva\/\">\n        <img loading=\"lazy\" decoding=\"async\" width=\"280\" height=\"432\" src=\"https:\/\/universoproducao.nyc3.digitaloceanspaces.com\/cineop2025\/2025\/05\/Poster-com-Logos-Pedro-Amorim-280x432.jpg\" class=\"movie-img\" alt=\"\" \/>\n                <span class=\"movie-content\">\n          <span class=\"title\">IA: Intelig\u00eancia Afetiva<\/span>\n                      <span class=\"direction on-hover\">Dire\u00e7\u00e3o: Pedro Amorim<\/span>\n                                          <span class=\"country on-hover\">RJ<\/span>\n                                <span class=\"read-more btn-link on-hover uppercase\">\n              Saiba mais <i class=\"icon-arrow-right\"><\/i><\/span>\n                  <\/span>\n      <\/a>\n    <\/div>\n        <div class=\"movie-item  \">\n      <a href=\"https:\/\/cineop.com.br\/2025\/filme\/o-ceu-no-andar-de-baixo\/\">\n        <img loading=\"lazy\" decoding=\"async\" width=\"280\" height=\"432\" src=\"https:\/\/universoproducao.nyc3.digitaloceanspaces.com\/cineop2025\/2025\/05\/O.CEU_.NO_.ANDAR_.DE_.BAIXO_CATAPRETA-02-Catapreta-Catapreta-CATAPRETA-280x432.jpg\" class=\"movie-img\" alt=\"\" \/>\n                <span class=\"movie-content\">\n          <span class=\"title\">o c\u00e9u no andar de baixo<\/span>\n                      <span class=\"direction on-hover\">Dire\u00e7\u00e3o: Catapreta<\/span>\n                                          <span class=\"country on-hover\">MG<\/span>\n                                <span class=\"read-more btn-link on-hover uppercase\">\n              Saiba mais <i class=\"icon-arrow-right\"><\/i><\/span>\n                  <\/span>\n      <\/a>\n    <\/div>\n        <div class=\"movie-item  \">\n      <a href=\"https:\/\/cineop.com.br\/2025\/filme\/o-mundo-dos-sonhos\/\">\n        <img loading=\"lazy\" decoding=\"async\" width=\"280\" height=\"432\" src=\"https:\/\/universoproducao.nyc3.digitaloceanspaces.com\/cineop2025\/2025\/05\/Cartaz-Estalo-Criativo-280x432.jpg\" class=\"movie-img\" alt=\"\" \/>\n                <span class=\"movie-content\">\n          <span class=\"title\">O MUNDO DOS SONHOS<\/span>\n                      <span class=\"direction on-hover\">Dire\u00e7\u00e3o: Leandro Wenceslau<\/span>\n                                          <span class=\"country on-hover\">MG<\/span>\n                                <span class=\"read-more btn-link on-hover uppercase\">\n              Saiba mais <i class=\"icon-arrow-right\"><\/i><\/span>\n                  <\/span>\n      <\/a>\n    <\/div>\n                <\/div>\n          <\/div>\n                  <\/div>\n      <\/div>\n    <\/div>\n              <\/div>\n    \n\n\n<div style=\"height:69px\" aria-hidden=\"true\" class=\"wp-block-spacer\"><\/div>\n\n\n\n<h2 class=\"wp-block-heading\"><strong>Os debates<\/strong><\/h2>\n\n\n\n<p>\u00c9 nesse momento que o Cine-Express\u00e3o refor\u00e7a a sua identidade. Professores e alunos s\u00e3o convidados a transcenderem seus pap\u00e9is sociais e se assumirem como indiv\u00edduos, simplesmente pessoas diante de si mesmas, impactadas por narrativas em conex\u00e3o. A sala de cinema transforma-se numa \u201csala de estar\u201d, onde h\u00e1 um cuidado minucioso para que todos estejam receptivos ao que temos a oferecer. Propomos que crian\u00e7as, jovens e adultos vivenciem os filmes de forma plena, permitindo que hist\u00f3rias se diluam em suas emo\u00e7\u00f5es despertadas, fomentando novas percep\u00e7\u00f5es. Um ambiente essencialmente acolhedor e expressivo.<\/p>\n\n\n\n<p>\u00c9 nessa experi\u00eancia de contato profundo, e cheia de sentido, com uma sess\u00e3o de cinema, que fortalecemos o interesse do p\u00fablico. O Cine-Express\u00e3o desafia a cultura do consumo passivo, atrav\u00e9s do fortalecimento do que eu considero como a <strong>cultura do interessado<\/strong>. Percebo que investir na <strong>cultura de interessados<\/strong> \u00e9 um caminho forte para a forma\u00e7\u00e3o de plateia. \u00c0 medida que formamos plateias, despertamos vida, em um movimento singular. \u00c9 nesse cen\u00e1rio que intensos movimentos se revelam como uma oportunidade \u00fanica para cada percep\u00e7\u00e3o, individualmente.<\/p>\n\n\n\n<div style=\"height:69px\" aria-hidden=\"true\" class=\"wp-block-spacer\"><\/div>\n\n\n\n<h2 class=\"wp-block-heading\"><strong>Material de Conex\u00f5es e Saberes<\/strong><\/h2>\n\n\n\n<p>O Cine-Express\u00e3o, numa proposta pioneira, transforma a sess\u00e3o de cinema em um \u201cponto de expans\u00e3o\u201d. As pot\u00eancias das narrativas se tornam inspira\u00e7\u00f5es para cria\u00e7\u00e3o de pr\u00e1ticas espec\u00edficas para amplia\u00e7\u00f5es e aprofundamento de percep\u00e7\u00f5es dessas crian\u00e7as e jovens. Com uma abordagem bastante ousada, as atividades fortalecem a consci\u00eancia de todos sobre a pot\u00eancia presente em cada lugar que est\u00e3o, seja com rela\u00e7\u00e3o \u00e0 percep\u00e7\u00e3o sobre si mesmos ou na rela\u00e7\u00e3o com o mundo.<\/p>\n\n\n\n<p>O cine-express\u00e3o conecta educa\u00e7\u00e3o e cultura pela linguagem das possibilidades. Para n\u00f3s, educar nossas percep\u00e7\u00f5es \u00e9 honrar nossos processos de cura.<\/p>\n\n\n\n<p class=\"has-text-align-right\"><strong>Ramina El Shadai<\/strong><br>Curadora<\/p>\n","protected":false},"excerpt":{"rendered":"<p>A CULTURA DE INTERESSADOS E O MOVIMENTO DE FORMA\u00c7\u00c3O DE PLATEIA Selecionar filmes para crian\u00e7as e jovens tem sido uma tarefa desafiadora e provocativa. N\u00e3o pelo p\u00fablico em si, muito [&hellip;]<\/p>\n","protected":false},"author":1,"featured_media":0,"parent":275,"menu_order":0,"comment_status":"closed","ping_status":"closed","template":"","meta":{"footnotes":""},"class_list":["post-305","page","type-page","status-publish","hentry"],"acf":[],"_links":{"self":[{"href":"https:\/\/cineop.com.br\/2025\/wp-json\/wp\/v2\/pages\/305","targetHints":{"allow":["GET"]}}],"collection":[{"href":"https:\/\/cineop.com.br\/2025\/wp-json\/wp\/v2\/pages"}],"about":[{"href":"https:\/\/cineop.com.br\/2025\/wp-json\/wp\/v2\/types\/page"}],"author":[{"embeddable":true,"href":"https:\/\/cineop.com.br\/2025\/wp-json\/wp\/v2\/users\/1"}],"replies":[{"embeddable":true,"href":"https:\/\/cineop.com.br\/2025\/wp-json\/wp\/v2\/comments?post=305"}],"version-history":[{"count":13,"href":"https:\/\/cineop.com.br\/2025\/wp-json\/wp\/v2\/pages\/305\/revisions"}],"predecessor-version":[{"id":1322,"href":"https:\/\/cineop.com.br\/2025\/wp-json\/wp\/v2\/pages\/305\/revisions\/1322"}],"up":[{"embeddable":true,"href":"https:\/\/cineop.com.br\/2025\/wp-json\/wp\/v2\/pages\/275"}],"wp:attachment":[{"href":"https:\/\/cineop.com.br\/2025\/wp-json\/wp\/v2\/media?parent=305"}],"curies":[{"name":"wp","href":"https:\/\/api.w.org\/{rel}","templated":true}]}}