{"id":307,"date":"2025-05-13T16:14:18","date_gmt":"2025-05-13T19:14:18","guid":{"rendered":"http:\/\/167.172.252.128\/?page_id=307"},"modified":"2025-06-04T19:02:03","modified_gmt":"2025-06-04T22:02:03","slug":"contemporanea-curtas","status":"publish","type":"page","link":"https:\/\/cineop.com.br\/2025\/filmes\/contemporanea-curtas\/","title":{"rendered":"Contempor\u00e2nea | Curtas"},"content":{"rendered":"\n<p><strong>RETRATOS, PAISAGENS E ARQUIVOS DE FAM\u00cdLIA<\/strong><\/p>\n\n\n\n<p>Os curtas da Mostra Contempor\u00e2nea da 20\u00aa edi\u00e7\u00e3o da CineOP contemplam document\u00e1rios que revisitam a paisagem de centros urbanos e as transforma\u00e7\u00f5es ao longo do tempo, filmes que lan\u00e7am olhares cr\u00edticos para a forma como a hist\u00f3ria oficial foi narrada e registrada e ensaios com arquivos dom\u00e9sticos que recuperam o passado e at\u00e9 buscam flertar com as estrat\u00e9gias da autofic\u00e7\u00e3o.<\/p>\n\n\n\n<p>A primeira sess\u00e3o \u00e9 composta por um conjunto de filmes instigados pela forma como s\u00e3o feitas as altera\u00e7\u00f5es dos espa\u00e7os urbanos e como diferentes interfer\u00eancias p\u00fablicas e privadas definem a configura\u00e7\u00e3o da paisagem. A sess\u00e3o inicia com <em>Su\u00e1, a Praia que Sumiu<\/em>, dirigido por Thais Helena Leite. O document\u00e1rio capixaba desconstr\u00f3i a narrativa oficial de exalta\u00e7\u00e3o do progresso em torno do aterramento de uma praia, em Vit\u00f3ria, nos anos 1970, com forte presen\u00e7a de pescadores guardi\u00f5es de manifesta\u00e7\u00f5es culturais tradicionais. Dirigido por F\u00e1bio Rog\u00e9rio, o paulista <em>Este Cinema T\u00e3o Augusta<\/em> registra o funcionamento de um cinema de rua no Centro da cidade de S\u00e3o Paulo na imin\u00eancia de fechar as portas por conta da especula\u00e7\u00e3o imobili\u00e1ria.<\/p>\n\n\n\n<p>O document\u00e1rio paraibano <em>A Nave que Nunca Pousa<\/em>, dirigido por Ellen Morais, \u00e9 um ensaio que flerta com a fic\u00e7\u00e3o cient\u00edfica ao observar o cotidiano de uma comunidade quilombola no Sert\u00e3o da Para\u00edba que sofre as consequ\u00eancias da instala\u00e7\u00e3o de usinas e\u00f3licas. A sess\u00e3o encerra com o curta ensa\u00edstico carioca <em>Afluente<\/em>, que faz parte da pesquisa de doutorado do realizador Fred Benevides, na Escola de Belas Artes da Universidade Federal do Rio de Janeiro (UFRJ). Montado com diferentes materiais, como fotos, cinejornais em pel\u00edcula, registros contempor\u00e2neos em 16mm, Super-8 e em formatos digitais, o curta reinterpreta o processo de eletrifica\u00e7\u00e3o das \u00e1guas do Rio S\u00e3o Francisco, a partir de um olhar cr\u00edtico para o arquivo f\u00edlmico dispon\u00edvel sobre o assunto.<\/p>\n\n\n\n<p>Os planos fixos que revelam diferentes espa\u00e7os de uma escola abandonada no interior de Santa Catarina costuram o document\u00e1rio <em>O que Fica<\/em>, com dire\u00e7\u00e3o de Daniel Edu Mayer e Fabiane Bardemaker Batista, e que abre a segunda sess\u00e3o. Restauradas pelo Laborat\u00f3rio Universit\u00e1rio de Preserva\u00e7\u00e3o Audiovisual (Lupa) da Universidade Federal Fluminense (UFF), raras imagens de Lu\u00eds Carlos Prestes e sua elei\u00e7\u00e3o como senador pelo Partido Comunista Brasileiro (PCB) comp\u00f5em <em>Um Breve Respiro Democr\u00e1tico<\/em>, dirigido por Rafael de Luna Freire, do Rio de Janeiro. O document\u00e1rio paulista <em>Mem\u00f3rias da Desindustrializa\u00e7\u00e3o<\/em>, realizado por Vivian Castro Villarroel, faz refer\u00eancia ao per\u00edodo de decl\u00ednio do setor industrial na Am\u00e9rica Latina, lan\u00e7ando m\u00e3o do uso de materiais f\u00edlmicos registrados em antigas f\u00e1bricas t\u00eaxteis do Brasil e do Chile.<\/p>\n\n\n\n<p>Do Cear\u00e1, os realizadores Samuel Brasileiro e Nat\u00e1lia Maia dirigem o document\u00e1rio <em>Fortaleza Liberta<\/em>, que narra a hist\u00f3ria do quadro hom\u00f4nimo, guardado no Museu do Cear\u00e1, em Fortaleza, e de suas controversas leituras da representa\u00e7\u00e3o do dia da aboli\u00e7\u00e3o da escravatura, em 1883. A sess\u00e3o encerra com <em>A Carta de Mudan e as Oito Primaveras<\/em>, um singelo retrato de uma jovem chinesa, do grupo \u00e9tnico Xibe, em Xinjiang, e sua fam\u00edlia, cuja trajet\u00f3ria \u00e9 acompanhada pelo realizador Pedro Nishi ao longo de oito anos.<\/p>\n\n\n\n<p>A terceira sess\u00e3o \u00e9 focada em filmes atravessados por mem\u00f3rias partilhadas, sejam individuais ou coletivas. O document\u00e1rio carioca <em>Mandinga de Gorila<\/em>, dirigido por Luz\u00e9 e Juliana Gon\u00e7alves, abre a sess\u00e3o com um repert\u00f3rio memorial\u00edstico em torno dos gorilas de saco, que tradicionalmente se consolidaram como uma alternativa mais acess\u00edvel para a comunidade da Vila Vint\u00e9m participar do Carnaval no Rio de Janeiro. Inspirado no emblem\u00e1tico filme estrutural <em>Hapax Legomena: Nostalgia<\/em> (1971), do estadunidense Hollis Frampton, o ensaio mineiro <em>Homage to Hollis Frampton (or Thiago)<\/em>, de Pedro Kalil, experimenta uma elabora\u00e7\u00e3o da mem\u00f3ria a partir da destrui\u00e7\u00e3o lenta de uma imagem fotogr\u00e1fica, aliada \u00e0 explora\u00e7\u00e3o de ru\u00eddos e vozes.<\/p>\n\n\n\n<p>O encontro com v\u00eddeos guardados desencadeia lembran\u00e7as de um amor perdido no curta paulista <em>Natureza Morta<\/em>, de Diran Serafim. A sess\u00e3o finaliza com o carioca <em>Zizi (ou Ora\u00e7\u00e3o da Jaca Fabulosa)<\/em>, de Felipe Bragan\u00e7a, que recupera a hist\u00f3ria da av\u00f3 do diretor do filme, em Queimados, na Baixada Fluminense. Estrat\u00e9gias de fabula\u00e7\u00e3o e imagina\u00e7\u00e3o borram os limites entre document\u00e1rio e fic\u00e7\u00e3o.<\/p>\n\n\n\n<p class=\"has-text-align-right\"><strong>Camila Vieira<\/strong><br><em>Curadora<\/em><\/p>\n\n\n\n<div style=\"height:58px\" aria-hidden=\"true\" class=\"wp-block-spacer\"><\/div>\n\n\n\n    <div id=\"movie-block_6840c2458aeb6\" class=\"movie-block\">\n                  <div data-slides-per-view=\"4\" id=\"block_6840c2458aeb6\" class=\"movie expanded movie-block movie-list\">\n            <div class=\"container container-1216 flex-col\">\n        <div class=\"\">\n                    <div class=\" movie-items\">\n            <div class=\"movie-items-wrapper\">\n                  <div class=\"movie-item  \">\n      <a href=\"https:\/\/cineop.com.br\/2025\/filme\/a-carta-de-mudan-e-as-oito-primaveras\/\">\n        <img loading=\"lazy\" decoding=\"async\" width=\"280\" height=\"432\" src=\"https:\/\/universoproducao.nyc3.digitaloceanspaces.com\/cineop2025\/2025\/05\/A-Carta-de-Mudan-e-as-Oito-Primaveras-Poster_MUDAN_2025-Pedro-Nishi-280x432.jpg\" class=\"movie-img\" alt=\"\" \/>\n                <span class=\"movie-content\">\n          <span class=\"title\">A CARTA DE MUDAN E AS OITO PRIMAVERAS<\/span>\n                      <span class=\"direction on-hover\">Dire\u00e7\u00e3o: Pedro Nishi<\/span>\n                                          <span class=\"country on-hover\">SP<\/span>\n                                <span class=\"read-more btn-link on-hover uppercase\">\n              Saiba mais <i class=\"icon-arrow-right\"><\/i><\/span>\n                  <\/span>\n      <\/a>\n    <\/div>\n        <div class=\"movie-item  \">\n      <a href=\"https:\/\/cineop.com.br\/2025\/filme\/a-nave-que-nunca-pousa\/\">\n        <img loading=\"lazy\" decoding=\"async\" width=\"280\" height=\"432\" src=\"https:\/\/universoproducao.nyc3.digitaloceanspaces.com\/cineop2025\/2025\/05\/A-nave-nunca-pousa.jpg\" class=\"movie-img\" alt=\"\" srcset=\"https:\/\/universoproducao.nyc3.digitaloceanspaces.com\/cineop2025\/2025\/05\/A-nave-nunca-pousa.jpg 280w, https:\/\/universoproducao.nyc3.digitaloceanspaces.com\/cineop2025\/2025\/05\/A-nave-nunca-pousa-194x300.jpg 194w\" sizes=\"auto, (max-width: 280px) 100vw, 280px\" \/>\n                <span class=\"movie-content\">\n          <span class=\"title\">A Nave Que Nunca Pousa<\/span>\n                      <span class=\"direction on-hover\">Dire\u00e7\u00e3o: Ellen Morais<\/span>\n                                          <span class=\"country on-hover\">PB<\/span>\n                                <span class=\"read-more btn-link on-hover uppercase\">\n              Saiba mais <i class=\"icon-arrow-right\"><\/i><\/span>\n                  <\/span>\n      <\/a>\n    <\/div>\n        <div class=\"movie-item  \">\n      <a href=\"https:\/\/cineop.com.br\/2025\/filme\/afluente\/\">\n        <img loading=\"lazy\" decoding=\"async\" width=\"280\" height=\"432\" src=\"https:\/\/universoproducao.nyc3.digitaloceanspaces.com\/cineop2025\/2025\/06\/Afluente-Ludica-Producoes-280x432.jpg\" class=\"movie-img\" alt=\"\" \/>\n                <span class=\"movie-content\">\n          <span class=\"title\">Afluente<\/span>\n                      <span class=\"direction on-hover\">Dire\u00e7\u00e3o: Frederico Benevides<\/span>\n                                          <span class=\"country on-hover\">CE\/RJ<\/span>\n                                <span class=\"read-more btn-link on-hover uppercase\">\n              Saiba mais <i class=\"icon-arrow-right\"><\/i><\/span>\n                  <\/span>\n      <\/a>\n    <\/div>\n        <div class=\"movie-item  \">\n      <a href=\"https:\/\/cineop.com.br\/2025\/filme\/este-cinema-tao-augusta\/\">\n        <img loading=\"lazy\" decoding=\"async\" width=\"280\" height=\"432\" src=\"https:\/\/universoproducao.nyc3.digitaloceanspaces.com\/cineop2025\/2025\/05\/Este-cinema-tao-Augusta_a1-Fabio-Rogerio.jpg\" class=\"movie-img\" alt=\"\" srcset=\"https:\/\/universoproducao.nyc3.digitaloceanspaces.com\/cineop2025\/2025\/05\/Este-cinema-tao-Augusta_a1-Fabio-Rogerio.jpg 280w, https:\/\/universoproducao.nyc3.digitaloceanspaces.com\/cineop2025\/2025\/05\/Este-cinema-tao-Augusta_a1-Fabio-Rogerio-194x300.jpg 194w\" sizes=\"auto, (max-width: 280px) 100vw, 280px\" \/>\n                <span class=\"movie-content\">\n          <span class=\"title\">Este cinema t\u00e3o Augusta<\/span>\n                      <span class=\"direction on-hover\">Dire\u00e7\u00e3o: F\u00e1bio Rog\u00e9rio<\/span>\n                                          <span class=\"country on-hover\">SE\/SP<\/span>\n                                <span class=\"read-more btn-link on-hover uppercase\">\n              Saiba mais <i class=\"icon-arrow-right\"><\/i><\/span>\n                  <\/span>\n      <\/a>\n    <\/div>\n        <div class=\"movie-item  \">\n      <a href=\"https:\/\/cineop.com.br\/2025\/filme\/fortaleza-liberta\/\">\n        <img loading=\"lazy\" decoding=\"async\" width=\"280\" height=\"432\" src=\"https:\/\/universoproducao.nyc3.digitaloceanspaces.com\/cineop2025\/2025\/05\/Fortaleza-Liberta-Still_Vertical-Samuel-Brasileiro.jpg\" class=\"movie-img\" alt=\"\" srcset=\"https:\/\/universoproducao.nyc3.digitaloceanspaces.com\/cineop2025\/2025\/05\/Fortaleza-Liberta-Still_Vertical-Samuel-Brasileiro.jpg 280w, https:\/\/universoproducao.nyc3.digitaloceanspaces.com\/cineop2025\/2025\/05\/Fortaleza-Liberta-Still_Vertical-Samuel-Brasileiro-194x300.jpg 194w\" sizes=\"auto, (max-width: 280px) 100vw, 280px\" \/>\n                <span class=\"movie-content\">\n          <span class=\"title\">Fortaleza Liberta<\/span>\n                      <span class=\"direction on-hover\">Dire\u00e7\u00e3o: Samuel Brasileiro, Nat\u00e1lia Maia<\/span>\n                                          <span class=\"country on-hover\">CE<\/span>\n                                <span class=\"read-more btn-link on-hover uppercase\">\n              Saiba mais <i class=\"icon-arrow-right\"><\/i><\/span>\n                  <\/span>\n      <\/a>\n    <\/div>\n        <div class=\"movie-item  \">\n      <a href=\"https:\/\/cineop.com.br\/2025\/filme\/homenagem-a-hollis-frampton-ou-thiago\/\">\n        <img loading=\"lazy\" decoding=\"async\" width=\"280\" height=\"432\" src=\"https:\/\/universoproducao.nyc3.digitaloceanspaces.com\/cineop2025\/2025\/05\/Homenagem-a-Hollis-Frampton-Sem-titulo-Pedro-Kalil.jpg\" class=\"movie-img\" alt=\"\" srcset=\"https:\/\/universoproducao.nyc3.digitaloceanspaces.com\/cineop2025\/2025\/05\/Homenagem-a-Hollis-Frampton-Sem-titulo-Pedro-Kalil.jpg 280w, https:\/\/universoproducao.nyc3.digitaloceanspaces.com\/cineop2025\/2025\/05\/Homenagem-a-Hollis-Frampton-Sem-titulo-Pedro-Kalil-194x300.jpg 194w\" sizes=\"auto, (max-width: 280px) 100vw, 280px\" \/>\n                <span class=\"movie-content\">\n          <span class=\"title\">Homenagem \u00e0 Hollis Frampton (ou Thiago)<\/span>\n                      <span class=\"direction on-hover\">Dire\u00e7\u00e3o: Pedro Kalil<\/span>\n                                          <span class=\"country on-hover\">MG<\/span>\n                                <span class=\"read-more btn-link on-hover uppercase\">\n              Saiba mais <i class=\"icon-arrow-right\"><\/i><\/span>\n                  <\/span>\n      <\/a>\n    <\/div>\n        <div class=\"movie-item  \">\n      <a href=\"https:\/\/cineop.com.br\/2025\/filme\/mandinga-de-gorila\/\">\n        <img loading=\"lazy\" decoding=\"async\" width=\"280\" height=\"432\" src=\"https:\/\/universoproducao.nyc3.digitaloceanspaces.com\/cineop2025\/2025\/05\/Mandinga-de-Gorila-gorila_Prancheta-1-DM-Difusao-280x432.png\" class=\"movie-img\" alt=\"\" \/>\n                <span class=\"movie-content\">\n          <span class=\"title\">Mandinga de Gorila<\/span>\n                      <span class=\"direction on-hover\">Dire\u00e7\u00e3o: Juliana Gon\u00e7alvez, Luz\u00e9<\/span>\n                                          <span class=\"country on-hover\">RJ<\/span>\n                                <span class=\"read-more btn-link on-hover uppercase\">\n              Saiba mais <i class=\"icon-arrow-right\"><\/i><\/span>\n                  <\/span>\n      <\/a>\n    <\/div>\n        <div class=\"movie-item  \">\n      <a href=\"https:\/\/cineop.com.br\/2025\/filme\/memorias-da-desindustrializacao\/\">\n        <img loading=\"lazy\" decoding=\"async\" width=\"280\" height=\"432\" src=\"https:\/\/universoproducao.nyc3.digitaloceanspaces.com\/cineop2025\/2025\/05\/Memorias-da-desindustrializacao-POSTER-Buva-Filmes.jpg\" class=\"movie-img\" alt=\"\" srcset=\"https:\/\/universoproducao.nyc3.digitaloceanspaces.com\/cineop2025\/2025\/05\/Memorias-da-desindustrializacao-POSTER-Buva-Filmes.jpg 280w, https:\/\/universoproducao.nyc3.digitaloceanspaces.com\/cineop2025\/2025\/05\/Memorias-da-desindustrializacao-POSTER-Buva-Filmes-194x300.jpg 194w\" sizes=\"auto, (max-width: 280px) 100vw, 280px\" \/>\n                <span class=\"movie-content\">\n          <span class=\"title\">Mem\u00f3rias da desindustrializa\u00e7\u00e3o<\/span>\n                      <span class=\"direction on-hover\">Dire\u00e7\u00e3o: Vivian Castro Villarroel<\/span>\n                                          <span class=\"country on-hover\">SP\/ Chile<\/span>\n                                <span class=\"read-more btn-link on-hover uppercase\">\n              Saiba mais <i class=\"icon-arrow-right\"><\/i><\/span>\n                  <\/span>\n      <\/a>\n    <\/div>\n        <div class=\"movie-item  \">\n      <a href=\"https:\/\/cineop.com.br\/2025\/filme\/natureza-morta\/\">\n        <img loading=\"lazy\" decoding=\"async\" width=\"280\" height=\"432\" src=\"https:\/\/universoproducao.nyc3.digitaloceanspaces.com\/cineop2025\/2025\/05\/Natureza-Morta-cartaz-FINAL-280x432.png\" class=\"movie-img\" alt=\"\" \/>\n                <span class=\"movie-content\">\n          <span class=\"title\">Natureza Morta<\/span>\n                      <span class=\"direction on-hover\">Dire\u00e7\u00e3o: Diran Serafim<\/span>\n                                          <span class=\"country on-hover\">SP<\/span>\n                                <span class=\"read-more btn-link on-hover uppercase\">\n              Saiba mais <i class=\"icon-arrow-right\"><\/i><\/span>\n                  <\/span>\n      <\/a>\n    <\/div>\n        <div class=\"movie-item  \">\n      <a href=\"https:\/\/cineop.com.br\/2025\/filme\/o-que-fica\/\">\n        <img loading=\"lazy\" decoding=\"async\" width=\"280\" height=\"432\" src=\"https:\/\/universoproducao.nyc3.digitaloceanspaces.com\/cineop2025\/2025\/05\/O-Que-Fica-cartaz1-Daniel-Mayer-280x432.jpg\" class=\"movie-img\" alt=\"\" srcset=\"https:\/\/universoproducao.nyc3.digitaloceanspaces.com\/cineop2025\/2025\/05\/O-Que-Fica-cartaz1-Daniel-Mayer-280x432.jpg 280w, https:\/\/universoproducao.nyc3.digitaloceanspaces.com\/cineop2025\/2025\/05\/O-Que-Fica-cartaz1-Daniel-Mayer-195x300.jpg 195w, https:\/\/universoproducao.nyc3.digitaloceanspaces.com\/cineop2025\/2025\/05\/O-Que-Fica-cartaz1-Daniel-Mayer-666x1024.jpg 666w, https:\/\/universoproducao.nyc3.digitaloceanspaces.com\/cineop2025\/2025\/05\/O-Que-Fica-cartaz1-Daniel-Mayer-768x1181.jpg 768w, https:\/\/universoproducao.nyc3.digitaloceanspaces.com\/cineop2025\/2025\/05\/O-Que-Fica-cartaz1-Daniel-Mayer-998x1536.jpg 998w, https:\/\/universoproducao.nyc3.digitaloceanspaces.com\/cineop2025\/2025\/05\/O-Que-Fica-cartaz1-Daniel-Mayer.jpg 1055w\" sizes=\"auto, (max-width: 280px) 100vw, 280px\" \/>\n                <span class=\"movie-content\">\n          <span class=\"title\">O Que Fica<\/span>\n                      <span class=\"direction on-hover\">Dire\u00e7\u00e3o: Daniel Edu Mayer, Fabiane Bardemaker<\/span>\n                                          <span class=\"country on-hover\">SC<\/span>\n                                <span class=\"read-more btn-link on-hover uppercase\">\n              Saiba mais <i class=\"icon-arrow-right\"><\/i><\/span>\n                  <\/span>\n      <\/a>\n    <\/div>\n        <div class=\"movie-item  \">\n      <a href=\"https:\/\/cineop.com.br\/2025\/filme\/sua-a-praia-que-sumiu\/\">\n        <img loading=\"lazy\" decoding=\"async\" width=\"280\" height=\"432\" src=\"https:\/\/universoproducao.nyc3.digitaloceanspaces.com\/cineop2025\/2025\/05\/Sua-A-Praia-Que-Sumiu-300-DPI-Thais-Helena-Leite.jpg\" class=\"movie-img\" alt=\"\" srcset=\"https:\/\/universoproducao.nyc3.digitaloceanspaces.com\/cineop2025\/2025\/05\/Sua-A-Praia-Que-Sumiu-300-DPI-Thais-Helena-Leite.jpg 280w, https:\/\/universoproducao.nyc3.digitaloceanspaces.com\/cineop2025\/2025\/05\/Sua-A-Praia-Que-Sumiu-300-DPI-Thais-Helena-Leite-194x300.jpg 194w\" sizes=\"auto, (max-width: 280px) 100vw, 280px\" \/>\n                <span class=\"movie-content\">\n          <span class=\"title\">SU\u00c1, A PRAIA QUE SUMIU<\/span>\n                      <span class=\"direction on-hover\">Dire\u00e7\u00e3o: Thais Helena Leite<\/span>\n                                          <span class=\"country on-hover\">ES<\/span>\n                                <span class=\"read-more btn-link on-hover uppercase\">\n              Saiba mais <i class=\"icon-arrow-right\"><\/i><\/span>\n                  <\/span>\n      <\/a>\n    <\/div>\n        <div class=\"movie-item  \">\n      <a href=\"https:\/\/cineop.com.br\/2025\/filme\/um-breve-respiro-democratico\/\">\n        <img loading=\"lazy\" decoding=\"async\" width=\"280\" height=\"432\" src=\"https:\/\/universoproducao.nyc3.digitaloceanspaces.com\/cineop2025\/2025\/05\/Um-Breve-Respiro-Democratico-prestes-Rafael-de-Luna-Freire-1.jpg\" class=\"movie-img\" alt=\"\" srcset=\"https:\/\/universoproducao.nyc3.digitaloceanspaces.com\/cineop2025\/2025\/05\/Um-Breve-Respiro-Democratico-prestes-Rafael-de-Luna-Freire-1.jpg 280w, https:\/\/universoproducao.nyc3.digitaloceanspaces.com\/cineop2025\/2025\/05\/Um-Breve-Respiro-Democratico-prestes-Rafael-de-Luna-Freire-1-194x300.jpg 194w\" sizes=\"auto, (max-width: 280px) 100vw, 280px\" \/>\n                <span class=\"movie-content\">\n          <span class=\"title\">Um breve respiro democr\u00e1tico<\/span>\n                      <span class=\"direction on-hover\">Dire\u00e7\u00e3o: Rafael de Luna Freire<\/span>\n                                          <span class=\"country on-hover\">RJ<\/span>\n                                <span class=\"read-more btn-link on-hover uppercase\">\n              Saiba mais <i class=\"icon-arrow-right\"><\/i><\/span>\n                  <\/span>\n      <\/a>\n    <\/div>\n        <div class=\"movie-item  \">\n      <a href=\"https:\/\/cineop.com.br\/2025\/filme\/zizi-ou-oracao-da-jaca-fabulosa\/\">\n        <img loading=\"lazy\" decoding=\"async\" width=\"280\" height=\"432\" src=\"https:\/\/universoproducao.nyc3.digitaloceanspaces.com\/cineop2025\/2025\/05\/Zizi-duasMariola_zizi_cartaz-DM-Difusao.jpg\" class=\"movie-img\" alt=\"\" srcset=\"https:\/\/universoproducao.nyc3.digitaloceanspaces.com\/cineop2025\/2025\/05\/Zizi-duasMariola_zizi_cartaz-DM-Difusao.jpg 280w, https:\/\/universoproducao.nyc3.digitaloceanspaces.com\/cineop2025\/2025\/05\/Zizi-duasMariola_zizi_cartaz-DM-Difusao-194x300.jpg 194w\" sizes=\"auto, (max-width: 280px) 100vw, 280px\" \/>\n                <span class=\"movie-content\">\n          <span class=\"title\">ZIZI (OU ORA\u00c7\u00c3O DA JACA FABULOSA)<\/span>\n                      <span class=\"direction on-hover\">Dire\u00e7\u00e3o: Felipe M. Bragan\u00e7a<\/span>\n                                          <span class=\"country on-hover\">RJ<\/span>\n                                <span class=\"read-more btn-link on-hover uppercase\">\n              Saiba mais <i class=\"icon-arrow-right\"><\/i><\/span>\n                  <\/span>\n      <\/a>\n    <\/div>\n                <\/div>\n          <\/div>\n                  <\/div>\n      <\/div>\n    <\/div>\n              <\/div>\n    ","protected":false},"excerpt":{"rendered":"<p>RETRATOS, PAISAGENS E ARQUIVOS DE FAM\u00cdLIA Os curtas da Mostra Contempor\u00e2nea da 20\u00aa edi\u00e7\u00e3o da CineOP contemplam document\u00e1rios que revisitam a paisagem de centros urbanos e as transforma\u00e7\u00f5es ao longo [&hellip;]<\/p>\n","protected":false},"author":1,"featured_media":0,"parent":275,"menu_order":0,"comment_status":"closed","ping_status":"closed","template":"","meta":{"footnotes":""},"class_list":["post-307","page","type-page","status-publish","hentry"],"acf":[],"_links":{"self":[{"href":"https:\/\/cineop.com.br\/2025\/wp-json\/wp\/v2\/pages\/307","targetHints":{"allow":["GET"]}}],"collection":[{"href":"https:\/\/cineop.com.br\/2025\/wp-json\/wp\/v2\/pages"}],"about":[{"href":"https:\/\/cineop.com.br\/2025\/wp-json\/wp\/v2\/types\/page"}],"author":[{"embeddable":true,"href":"https:\/\/cineop.com.br\/2025\/wp-json\/wp\/v2\/users\/1"}],"replies":[{"embeddable":true,"href":"https:\/\/cineop.com.br\/2025\/wp-json\/wp\/v2\/comments?post=307"}],"version-history":[{"count":3,"href":"https:\/\/cineop.com.br\/2025\/wp-json\/wp\/v2\/pages\/307\/revisions"}],"predecessor-version":[{"id":1545,"href":"https:\/\/cineop.com.br\/2025\/wp-json\/wp\/v2\/pages\/307\/revisions\/1545"}],"up":[{"embeddable":true,"href":"https:\/\/cineop.com.br\/2025\/wp-json\/wp\/v2\/pages\/275"}],"wp:attachment":[{"href":"https:\/\/cineop.com.br\/2025\/wp-json\/wp\/v2\/media?parent=307"}],"curies":[{"name":"wp","href":"https:\/\/api.w.org\/{rel}","templated":true}]}}