{"id":323,"date":"2025-05-13T16:20:03","date_gmt":"2025-05-13T19:20:03","guid":{"rendered":"http:\/\/167.172.252.128\/?page_id=323"},"modified":"2025-06-04T19:07:43","modified_gmt":"2025-06-04T22:07:43","slug":"contemporanea-longas","status":"publish","type":"page","link":"https:\/\/cineop.com.br\/2025\/filmes\/contemporanea-longas\/","title":{"rendered":"Contempor\u00e2nea | Longas"},"content":{"rendered":"\n<p><strong>MOSTRA CONTEMPOR\u00c2NEA &#8211; CONSTRUINDO MEM\u00d3RIAS<\/strong><\/p>\n\n\n\n<p>A 20\u00aa edi\u00e7\u00e3o da Cineop criou, al\u00e9m da mostra competitiva contempor\u00e2nea <em>Arquivos em Quest\u00e3o<\/em>, a mostra <em>Construindo Mem\u00f3rias<\/em>, tamb\u00e9m com filmes contempor\u00e2neos, que, com ou sem arquivos, contribuem para a promo\u00e7\u00e3o da cultura cinematogr\u00e1fica brasileira e, de modo geral, com a cultura brasileira de qualquer \u00e1rea. Nessa primeira edi\u00e7\u00e3o da nova mostra, figuras emblem\u00e1ticas, menos ou mais conhecidas do p\u00fablico em geral, est\u00e3o no centro da programa\u00e7\u00e3o: o escritor Jorge Amado, o m\u00fasico Dorival Caymmi, o pintor Caryb\u00e9 (o mais baiano dos argentinos), a atriz do per\u00edodo silencioso Eva Nill e a companhia musical de elenco negro Brasilianas. Dos anos 20 do s\u00e9culo XX \u00e0 d\u00e9cadas mais recentes, a narrativa hist\u00f3rica empreendida por esses tr\u00eas longas metragens nos colocam diante e no interior de um pulsar de cria\u00e7\u00f5es e de contextos distintos de diferentes \u00e9pocas<\/p>\n\n\n\n<p><strong>Melodias afetivas criam uma Bahia<\/strong><\/p>\n\n\n\n<p><em>3 Ob\u00e1s de Xang\u00f4 <\/em>\u00e9, antes de tudo, testemunha de um afeto caloroso e de uma imagina\u00e7\u00e3o f\u00e9rtil. Comp\u00f5e a linha de filmes em que \u00e9 preciso fazer pouco esfor\u00e7o para que nos vinculemos aos personagens, sobretudo se forem eles, de antem\u00e3o, ilustres conhecidos, compositores de nosso cotidiano e imagin\u00e1rio cultural, ou, ainda, signos incontorn\u00e1veis de uma cultura popular Regional e Nacional.&nbsp;<\/p>\n\n\n\n<p><em>3 Ob\u00e1s de Xang\u00f4<\/em> possui personagens assim \u2014 a come\u00e7ar por Jorge Amado, figura central do filme \u2014 mas \u00e9 constitu\u00eddo, em sua identidade primordial, por uma capacidade irreverente de acessar mais do que a mem\u00f3ria das figuras que circunda, e sim formular um pensamento e um registro que \u00e9 guiado pelo signo da amizade.&nbsp;<\/p>\n\n\n\n<p>Amado, Dorival Caymmi e Caryb\u00e9 Camafeu de Ox\u00f3ssi, tr\u00eas figur\u00f5es da ess\u00eancia da baianidade, durante muitos anos trocaram cartas, conversas e pensamentos acerca de seus afazeres art\u00edsticos e de suas vis\u00f5es de mundo. Aquilo que est\u00e1 registrado em tela, pelo diretor S\u00e9rgio Machado, \u00e9 talvez a s\u00edntese de uma realidade prosaica embalsamada \u2014 atrav\u00e9s dos tr\u00eas sujeitos \u2014 pela imagina\u00e7\u00e3o.&nbsp;<\/p>\n\n\n\n<p>Em comum, acreditavam na baianidade e numa express\u00e3o art\u00edstica (seja literatura, m\u00fasica ou artes visuais) que era proveniente das ruas, valorizando modos de inventar e figurar, no universo do real, um sintoma de imagina\u00e7\u00e3o e cria\u00e7\u00e3o.<\/p>\n\n\n\n<p>Em termos hist\u00f3ricos, <em>3 Ob\u00e1s<\/em> ocupa-se de trazer \u00e0 tona as correspond\u00eancias trocadas entre os protagonistas, material de arquivo n\u00e3o s\u00f3 raro como tamb\u00e9m muito prof\u00edcuo, que sedimenta a amizade ao revelar os tra\u00e7os a m\u00e3o, o carinho solid\u00e1rio \u2014 e muitas vezes engra\u00e7ado \u2014 que cada um revela ao outro.&nbsp;<\/p>\n\n\n\n<p>\u00c9 um filme recheado de express\u00f5es desses signos culturais que sedimentaram uma ideia mais ampla e popular de \u201cbaianidade\u201d, que conta com uma s\u00e9rie de outros ilustres baianos em tela, mas que revela, ao fim e ao cabo, atrav\u00e9s dos arquivos de trabalhos, das imagens antigas e sobretudo na ponta do l\u00e1pis, cora\u00e7\u00f5es enormes e pululados de criatividade.&nbsp;<\/p>\n\n\n\n<p>Uma criatividade que, cremos, e isso o filme nos mostra, n\u00e3o prov\u00e9m do \u201cnada\u201d, prov\u00e9m de um arguto trabalho de pensamento, que vislumbra fazer do imagin\u00e1rio de seu estado um imagin\u00e1rio popular, poss\u00edvel e pass\u00edvel de ser visto no outro, na comunidade, na cultura dos mares e mar\u00e9s, no h\u00e1bito a na for\u00e7a cultural das mulheres do Candombl\u00e9, na vida e nas express\u00f5es comuns dos mais humildes.&nbsp;<\/p>\n\n\n\n<p>De um modo ou outro, o filme \u00e9 um presente, tanto para o presente de hoje, em que podemos rever e revisitar formadores de um estado e de um Brasil, como tamb\u00e9m presente no sentido de que materializa, mais do que os sujeitos em separado, cada qual com suas caracter\u00edsticas, um magma de pensamento formulado e fundamentado atrav\u00e9s dos anos de trocas e ideias que constitu\u00edram entre si.<\/p>\n\n\n\n<p><strong>O olhar como express\u00e3o sem palavras<\/strong><\/p>\n\n\n\n<p><em>O Sil\u00eancio de Eva <\/em>come\u00e7a com fotos, congelamento do tempo, da apar\u00eancia e do olhar. Congelamento que perdura. S\u00e3o umas poucas fotos da atriz Eva Nill, a Greta Garbo dos tr\u00f3picos, primeira estrela de um cinema silencioso do interior, nascida no Egito e radicada desde 5 anos em Minas Gerais, regi\u00e3o de Cataguases, cidade imortalizada por ser territ\u00f3rio e set dos primeiros filmes de Humberto Mauro. Uma adolescente de express\u00f5es amb\u00edguas, de carreira curta e intensa nos anos 20 do s\u00e9culo XX, fotografada pelo pai italiano (Pedro Comello).&nbsp;<\/p>\n\n\n\n<p>Eva e seu pai empreenderam alguns filmes na cidade, chegaram a se associar a Humberto Mauro, ela sempre com atitude profissional, mesmo em momento ainda de muito amadorismo no cinema, consciente de sua import\u00e2ncia, a ponto de questionar o papel coadjuvante em <em>Barro Humano<\/em>, de Adhemar Gonzaga, em 1929,, realizado no Rio de Janeiro.&nbsp;<\/p>\n\n\n\n<p>A voz e os olhares da atriz mineira In\u00eas Peixoto vagueiam por impress\u00f5es, sensa\u00e7\u00f5es, talvez sentidos, ao falar da m\u00edtica atriz. B\u00e1rbara Luz, que interpreta Eva nas encena\u00e7\u00f5es recriadoras, ouve sobre a import\u00e2ncia da atriz, pela voz e sensibilidade de In\u00eas, que faz poesia enquanto proseia. Tr\u00eas distintos tempos hist\u00f3ricos se encontram no presente das recria\u00e7\u00f5es visuais de situa\u00e7\u00f5es e cenas da m\u00edtica atriz: os tempos de Eva, In\u00eas e B\u00e1rbara.&nbsp;<\/p>\n\n\n\n<p>Se por um lado \u00e9 um filme de olhares e encantamentos, de linhagens do passado e suas heran\u00e7as, \u00e9 tamb\u00e9m um filme de investiga\u00e7\u00e3o e pesquisa, com o compartilhamento de informa\u00e7\u00f5es e contextos por In\u00eas Peixoto, generosa e empolgada por seus materiais e pelo passado ao qual evocam.&nbsp;<\/p>\n\n\n\n<p>Entrevistas com especialistas em pesquisas em cinema brasileiro oferecem hip\u00f3teses, informa\u00e7\u00f5es, contextos e interpreta\u00e7\u00f5es para as motiva\u00e7\u00f5es da atriz, para sua atitude empreendedora, para sua fotogenia, sobretudo para a decis\u00e3o de encerrar sua carreira e se tornar fot\u00f3grafa na regi\u00e3o onde morava com o pai.&nbsp;<\/p>\n\n\n\n<p>Em uma carreira sem imagens em movimento (por falta de preserva\u00e7\u00e3o dos materiais), com mais fotogramas do que cenas propriamente, todo vest\u00edgio \u00e9 de grande riqueza, de recortes de jornais e sinopses a trechos de resenhas. O trecho remanescente de <em>Senhorita Agora Mesmo<\/em>, curta metragem do pai Pedro Comello, de 1927, \u00e9, nesse sentido, uma preciosidade.&nbsp;<\/p>\n\n\n\n<p>Em uma mostra com perfil do Cineop, com sua \u00eanfase na educa\u00e7\u00e3o, na preserva\u00e7\u00e3o e na mem\u00f3ria do cinema brasileiro, Eva Nill \u00e9 uma emblema dos pagamentos e das aus\u00eancias em uma cinematografia descuidada a maior parte do tempo com seu hist\u00f3rico. Fiquemos com os vest\u00edgios e com as pesquisas<\/p>\n\n\n\n<p><strong>Entre o sucesso, os bastidores e as contradi\u00e7\u00f5es<\/strong><\/p>\n\n\n\n<p><em>Brasilianas: O Musical Negro que Apresentou o Brasil ao Mundo<\/em>, de Joelzito Araujo, \u00e9 uma varia\u00e7\u00e3o \u00e0s avessas de <em>A Nega\u00e7\u00e3o do Brasil<\/em>,&nbsp; fundamental document\u00e1rio para a compreens\u00e3o cr\u00edtica de representa\u00e7\u00f5es estigmatizantes de personagens negros e negras nas telenovelas.&nbsp;<\/p>\n\n\n\n<p>No novo filme, o diretor continua no campo das representa\u00e7\u00f5es e express\u00f5es dos corpos negros, por meio de uma companhia de musicais composta de elenco negro, por\u00e9m, agora, enfatizando o \u00eaxito internacional dessas representa\u00e7\u00f5es e expressvidades, primeiro com nome de Teatro Folcl\u00f3rico Brasileiro, depois como Brasilianas, mais tarde como Brasil Tropical.&nbsp;<\/p>\n\n\n\n<p>O espet\u00e1culo de macumba, como tamb\u00e9m ficou conhecido, lotou teatros europeus entre anos 50 e 70, com repercuss\u00e3o midi\u00e1tica e presen\u00e7as ilustres nas plateias, como Elizabeth Taylor e os Beatles, assim como com desdobramentos inesperados, como parte do elenco fazendo uma cena em um filme com Sophia Loren, Centroviano in Galleria, de Mauro Bolognini, em 1953<\/p>\n\n\n\n<p>O document\u00e1rio \u00e9 sustentado por diversos materiais de arquivos e pelas mem\u00f3rias estimuladas nas entrevistas com participantes da companhia, mostradas em uma fragmentos que v\u00e3o e voltam, que nos informam sobre os bastidores, de amores an\u00f4nimos e c\u00e9lebres a rivalidades internas por vaidade, mas sem perder de vista a auto estima positiva de todas as pessoas envolvidas.<\/p>\n\n\n\n<p>Esse tom para cima carrega contradi\u00e7\u00f5es, deixadas para o final, como os crit\u00e9rios&nbsp; f\u00edsicos de sele\u00e7\u00e3o para integrar a companhia e a centralidade do corpo feminino sensualizando em seus movimentos, considerado explora\u00e7\u00e3o espetacular pelas perspectivas cr\u00edticas. Um importante resgate para a cultura brasileira, com \u00f3timas quest\u00f5es para os dias atuais<\/p>\n\n\n\n<p class=\"has-text-align-right\"><strong>Cl\u00e9ber Eduardo<br>Rubens Fabricio Anzolin<\/strong><br><em>Curadores<\/em><\/p>\n\n\n\n<div style=\"height:50px\" aria-hidden=\"true\" class=\"wp-block-spacer\"><\/div>\n\n\n\n    <div id=\"movie-block_6840c345d471f\" class=\"movie-block\">\n                  <div data-slides-per-view=\"4\" id=\"block_6840c345d471f\" class=\"movie expanded movie-block movie-list\">\n            <div class=\"container container-1216 flex-col\">\n        <div class=\"\">\n                    <div class=\" movie-items\">\n            <div class=\"movie-items-wrapper\">\n                  <div class=\"movie-item  \">\n      <a href=\"https:\/\/cineop.com.br\/2025\/filme\/3-obas-de-xango\/\">\n        <img loading=\"lazy\" decoding=\"async\" width=\"280\" height=\"432\" src=\"https:\/\/universoproducao.nyc3.digitaloceanspaces.com\/cineop2025\/2025\/05\/3-Obas-de-Xango-3ODX_CARTAZ_250218_FINAL-2-Kino-TV.jpg\" class=\"movie-img\" alt=\"\" srcset=\"https:\/\/universoproducao.nyc3.digitaloceanspaces.com\/cineop2025\/2025\/05\/3-Obas-de-Xango-3ODX_CARTAZ_250218_FINAL-2-Kino-TV.jpg 280w, https:\/\/universoproducao.nyc3.digitaloceanspaces.com\/cineop2025\/2025\/05\/3-Obas-de-Xango-3ODX_CARTAZ_250218_FINAL-2-Kino-TV-194x300.jpg 194w\" sizes=\"auto, (max-width: 280px) 100vw, 280px\" \/>\n                <span class=\"movie-content\">\n          <span class=\"title\">3 OB\u00c1S DE XANG\u00d4<\/span>\n                      <span class=\"direction on-hover\">Dire\u00e7\u00e3o: S\u00e9rgio Machado<\/span>\n                                          <span class=\"country on-hover\">BA\/RJ<\/span>\n                                <span class=\"read-more btn-link on-hover uppercase\">\n              Saiba mais <i class=\"icon-arrow-right\"><\/i><\/span>\n                  <\/span>\n      <\/a>\n    <\/div>\n        <div class=\"movie-item  \">\n      <a href=\"https:\/\/cineop.com.br\/2025\/filme\/brasiliana-o-musical-negro-que-apresentou-o-brasil-ao-mundo\/\">\n        <img loading=\"lazy\" decoding=\"async\" width=\"280\" height=\"432\" src=\"https:\/\/universoproducao.nyc3.digitaloceanspaces.com\/cineop2025\/2025\/05\/Brasiliana-BRN_POSTER_CATALOGO_LIGHTCOLOR_05-Daniel-Couto-280x432.jpg\" class=\"movie-img\" alt=\"\" \/>\n                <span class=\"movie-content\">\n          <span class=\"title\">Brasiliana: o musical negro que apresentou o Brasil ao mundo<\/span>\n                      <span class=\"direction on-hover\">Dire\u00e7\u00e3o: Joel Zito Ara\u00fajo<\/span>\n                                          <span class=\"country on-hover\">MG<\/span>\n                                <span class=\"read-more btn-link on-hover uppercase\">\n              Saiba mais <i class=\"icon-arrow-right\"><\/i><\/span>\n                  <\/span>\n      <\/a>\n    <\/div>\n        <div class=\"movie-item  \">\n      <a href=\"https:\/\/cineop.com.br\/2025\/filme\/o-silencio-de-eva\/\">\n        <img loading=\"lazy\" decoding=\"async\" width=\"280\" height=\"432\" src=\"https:\/\/universoproducao.nyc3.digitaloceanspaces.com\/cineop2025\/2025\/05\/O-Silencio-de-Eva-PERSONA_CARTAZ_EVANIL_COR-1_page-0001-Luiz-Navarro.jpg\" class=\"movie-img\" alt=\"\" srcset=\"https:\/\/universoproducao.nyc3.digitaloceanspaces.com\/cineop2025\/2025\/05\/O-Silencio-de-Eva-PERSONA_CARTAZ_EVANIL_COR-1_page-0001-Luiz-Navarro.jpg 280w, https:\/\/universoproducao.nyc3.digitaloceanspaces.com\/cineop2025\/2025\/05\/O-Silencio-de-Eva-PERSONA_CARTAZ_EVANIL_COR-1_page-0001-Luiz-Navarro-194x300.jpg 194w\" sizes=\"auto, (max-width: 280px) 100vw, 280px\" \/>\n                <span class=\"movie-content\">\n          <span class=\"title\">O Sil\u00eancio de Eva<\/span>\n                      <span class=\"direction on-hover\">Dire\u00e7\u00e3o: Elza Cataldo<\/span>\n                                          <span class=\"country on-hover\">MG<\/span>\n                                <span class=\"read-more btn-link on-hover uppercase\">\n              Saiba mais <i class=\"icon-arrow-right\"><\/i><\/span>\n                  <\/span>\n      <\/a>\n    <\/div>\n                <\/div>\n          <\/div>\n                  <\/div>\n      <\/div>\n    <\/div>\n              <\/div>\n    ","protected":false},"excerpt":{"rendered":"<p>MOSTRA CONTEMPOR\u00c2NEA &#8211; CONSTRUINDO MEM\u00d3RIAS A 20\u00aa edi\u00e7\u00e3o da Cineop criou, al\u00e9m da mostra competitiva contempor\u00e2nea Arquivos em Quest\u00e3o, a mostra Construindo Mem\u00f3rias, tamb\u00e9m com filmes contempor\u00e2neos, que, com ou [&hellip;]<\/p>\n","protected":false},"author":1,"featured_media":0,"parent":275,"menu_order":0,"comment_status":"closed","ping_status":"closed","template":"","meta":{"footnotes":""},"class_list":["post-323","page","type-page","status-publish","hentry"],"acf":[],"_links":{"self":[{"href":"https:\/\/cineop.com.br\/2025\/wp-json\/wp\/v2\/pages\/323","targetHints":{"allow":["GET"]}}],"collection":[{"href":"https:\/\/cineop.com.br\/2025\/wp-json\/wp\/v2\/pages"}],"about":[{"href":"https:\/\/cineop.com.br\/2025\/wp-json\/wp\/v2\/types\/page"}],"author":[{"embeddable":true,"href":"https:\/\/cineop.com.br\/2025\/wp-json\/wp\/v2\/users\/1"}],"replies":[{"embeddable":true,"href":"https:\/\/cineop.com.br\/2025\/wp-json\/wp\/v2\/comments?post=323"}],"version-history":[{"count":3,"href":"https:\/\/cineop.com.br\/2025\/wp-json\/wp\/v2\/pages\/323\/revisions"}],"predecessor-version":[{"id":1547,"href":"https:\/\/cineop.com.br\/2025\/wp-json\/wp\/v2\/pages\/323\/revisions\/1547"}],"up":[{"embeddable":true,"href":"https:\/\/cineop.com.br\/2025\/wp-json\/wp\/v2\/pages\/275"}],"wp:attachment":[{"href":"https:\/\/cineop.com.br\/2025\/wp-json\/wp\/v2\/media?parent=323"}],"curies":[{"name":"wp","href":"https:\/\/api.w.org\/{rel}","templated":true}]}}